k**3 - 13*k**2 - 23*k + 37. Is i(y) composite?
True
Let c(z) = z**2 - 100. Suppose -5*k + 4*w + 180 - 65 = 0, k - 4*w = 7. Is c(k) composite?
True
Let o be 23*(1 + (-4 - -42)). Suppose 0 = 3*a - 2*a + 5*h - 293, 0 = 3*a - 3*h - o. Suppose 2976 = 2*k - a. Is k prime?
True
Suppose -3*z = 13*z + 28*z - 1736636. Is z a prime number?
False
Let a(q) = q**3 + 33*q**2 + 33*q + 52. Let d(u) = -u**3 + 8*u**2 - 8*u - 16. Let v be d(7). Is a(v) prime?
True
Let n(t) be the second derivative of t**5/4 - t**4/6 + 2*t**3/3 + 3*t**2/2 - 10*t. Let p(f) be the first derivative of n(f). Is p(3) a composite number?
False
Is 22 + 231847 + 3*4/6 composite?
False
Is (-80867730)/(-102) + -1 + 95/85 a composite number?
False
Is (1 + 10/(-8))/((-94)/(-19928))*-541 composite?
True
Let o be 2/(-5) - (-7538)/(-5). Let r = 554 + o. Let h = -449 - r. Is h a prime number?
False
Is (-6361063)/(-11) + 29/(7337/138) composite?
True
Suppose 6*d + 6*d + 0*d = 0. Suppose -10*z + 12*z - 3786 = d. Is z prime?
False
Suppose 2058559 = -0*b + 3*b - 4*d, -3*d = 21. Is b a composite number?
False
Let n = -583 + 586. Suppose n*i = t - 7216, 3*t + 2*i + 10780 = 32439. Is t a prime number?
True
Let l(t) = -5*t**3 - 9*t**2 - 3*t - 28. Suppose 5*d = s - 13, -4*d = 5*s - 2*s + 37. Is l(s) prime?
False
Let p(y) be the third derivative of -47*y**6/60 + 7*y**5/60 + 13*y**4/24 + y**3/6 - 6*y**2 - 1. Is p(-3) a prime number?
False
Let q(u) = 22*u**3 - u**2 - 31*u + 88. Let a be q(20). Is (2/10)/(-1) + a/15 a prime number?
False
Let x(q) be the third derivative of -q**4/24 + 23*q**2. Let d be x(-2). Is (118*1)/(d/5) a prime number?
False
Let o(s) be the third derivative of -s**6/120 - s**5/60 + s**3/3 + 29*s**2. Let d be o(2). Is (3/(-5) - 571/d)*2 a composite number?
False
Let f = 13230 - 3437. Is f prime?
False
Let n = 233 + -221. Suppose 0 = -4*l - n*l + 183584. Is l a prime number?
False
Let u(o) = 3*o**2 + 28*o + 13. Let k be u(-9). Suppose -k*y + 584 = -3*h - 4704, 3*y = h + 3961. Is y prime?
True
Let q(s) = -s**3 - s**2 - s + 9101. Is q(0) a composite number?
True
Let a(i) = -352*i - 66. Let n be a(3). Let w = n - -2225. Is w a prime number?
True
Let f be 11531/8 + -1 + 70/112. Let n be (-1148)/5 + (-4)/10. Let q = f - n. Is q composite?
True
Suppose 134*h = -98*h + 195*h + 36427943. Is h a composite number?
False
Let t(g) = g**3 - 8*g**2 - 9*g - 15. Suppose -3*z + 6*z = 2*u - 30, 4 = -z. Let p be t(u). Is 353/3 + 1 + 10/p composite?
True
Suppose -603 = -22*q + 21*q. Suppose -5*s = -2*s - q. Suppose -5*i + s = -2*i. Is i composite?
False
Let g = -38672 + 75979. Is g composite?
False
Suppose -2*v - 2*h = -76868, 3*v = 4*h + 82627 + 32654. Is v composite?
False
Let w(f) = 11*f**3 + 6*f**2 + 76*f - 32. Let i(h) = 2*h**3 + h**2 + h - 1. Let c(u) = 6*i(u) - w(u). Is c(25) a prime number?
True
Let u be 276/(-22) - (-138)/253. Is (-25590)/(-9)*(-18)/u a composite number?
True
Let j be (8/7)/((-35)/(-245)). Is j*8/64 + 3388 composite?
False
Suppose -266*l + 272*l = 344178. Is l prime?
False
Suppose -p = 4*o - 515, -2*o + 3*o = 5*p - 2575. Suppose j - 152 = t, 3*t = 4*j - p - 90. Is j prime?
True
Let x(s) = -87393*s - 1091. Is x(-4) a prime number?
False
Let o be ((-10)/(-4) + -2)*4. Suppose -a + 2*u + 1 = 2*a, -3*a - o*u = -17. Is 13*a*(-152)/(-24) a composite number?
True
Let q(b) = -12*b**3 + 5*b**2 - 21*b - 1. Let a be q(-9). Suppose 4*f + 2*o - 12448 = 0, 5*o = 3*f + 4*o - a. Is f prime?
False
Let u(z) = -8039*z - 24. Is u(-11) composite?
True
Let j = 52 + -47. Suppose 14*o - 11*o - 4063 = j*n, -4*o - 2*n + 5452 = 0. Is o a prime number?
True
Let x(r) be the first derivative of 6*r**2 + 19*r - 53. Let s be 4/8*16/1. Is x(s) a prime number?
False
Is 7012 + 384/(-24) - 1/1 composite?
True
Let p = 0 - 0. Suppose 25*r - 19*r - 18 = p. Suppose -1633 = -3*s + 2*k, r*s + 4*k - k - 1608 = 0. Is s a composite number?
False
Let f(p) = -30068*p - 1989. Is f(-7) composite?
True
Suppose 0*x + 5*x - 40 = -5*z, -x + 3*z = 12. Suppose x*g = -0*g - 6, 3*v + 5*g - 1883 = 0. Is v a composite number?
False
Let b(g) = 2068*g**2 - 2*g + 227. Is b(8) composite?
True
Let z(c) be the third derivative of c**6/120 - 13*c**5/60 + c**4/2 - 13*c**3/6 + 281*c**2. Let a(g) = g**2 + g + 18. Let n be a(0). Is z(n) a composite number?
False
Suppose 0 = -13*i + 99020 + 918815. Suppose -20*d - 15*d = -i. Is d a prime number?
True
Suppose 0 = -4*b, -61*a + 4*b + 535372 = -57*a. Is a composite?
False
Let l = -76153 - -121524. Let w = l + -17022. Is w a composite number?
False
Let p(k) = -5*k**3 + 8*k**2 + 5*k - 1. Let c be p(-5). Let b be 3 - 0/4 - 934*3/6. Let t = b + c. Is t a composite number?
True
Let n(p) = -10*p + 378*p**2 + 0*p + 15 - 364*p**2 + p**3 + p. Is n(-13) a prime number?
False
Suppose 55*x - 66*x + 1932095 = 0. Is x prime?
False
Let f(r) = -r**3 + 36*r**2 + 2*r - 53. Let q be f(36). Suppose -q*g = -21*g + 54830. Is g a prime number?
False
Let m = 221 - -256. Suppose q - m = 341. Is q a prime number?
False
Let d be (-72)/180 - (-20667)/5. Is 9 + d - (6 + -3) a composite number?
False
Suppose 9*t - 8*t + 119 = 4*d, 5*d = 4*t + 157. Suppose -7542 + 180701 = d*q. Is q composite?
True
Let d = 52256 - 29155. Is d a prime number?
False
Suppose -4*d + 1325003 = -111*q + 106*q, -5*q + 25 = 0. Is d a prime number?
False
Suppose -2*y - 3*y - 50 = -5*x, -4*y = -3*x + 41. Is (0 - 41)/(y/(-4367)*-1) a prime number?
False
Suppose 3*b - 13*l = 875311, -b - 4*l + 157786 + 134001 = 0. Is b a composite number?
False
Let j = 4855 + 17152. Is j a prime number?
False
Suppose 5*w + 5 = 0, 0 = 3*i - 5*i - 4*w + 728. Let o(q) = 1 + 15 + 6 - 3 + i*q. Is o(3) a composite number?
False
Let j(o) = -o**3 - 14*o**2 + 22*o - 15. Let w be j(12). Let z = -7515 - w. Is (2/6)/((-8044)/z - 2) a composite number?
True
Let c = -76 + 102. Let o = 1375 - c. Is o a composite number?
True
Let n = 148249 - 50168. Is n composite?
False
Let g(w) = 695*w**2 - 41*w - 729. Is g(-16) prime?
False
Let x(w) = -58*w + 296. Let p be x(8). Let f = -157 + 76. Let l = f - p. Is l prime?
False
Let a(h) = 5*h**2 - 3*h - 10. Let u be a(-6). Suppose -4*w = -0*w + u. Let m = w + 2440. Is m a composite number?
False
Let d = 50306 + -31952. Suppose -8*h - 3098 = -d. Is h composite?
False
Is 20504/4*((-120)/16)/(-15) prime?
False
Let j = 337 + -319. Suppose -307993 = -j*p - 5*p. Is p a composite number?
True
Is ((-177)/(-295))/((-9)/(-4255815)) a prime number?
True
Is (-40)/(-160) - (1 + (-572375)/4) composite?
False
Is ((-23)/207)/(2/(-360950)) + 8/36 composite?
True
Is (-14 + 21 - -251855) + -19 a prime number?
True
Is (-3)/(-5 - (331264/33127)/(-2)) composite?
True
Let a(z) = 569*z**2 + 101*z - 881. Is a(18) composite?
True
Let y = -1066 + 1694. Suppose 0 = 14*t - 30*t - 3472. Let x = t + y. Is x composite?
True
Suppose -5*m = 20, -5*t - 2*m = -7*m - 89945. Let g = t + -10870. Is g prime?
False
Let f(n) = -102*n**3 - 15*n**2 - 33*n + 337. Is f(-17) a composite number?
False
Suppose 66 = 3*y + 3*t, 10 = -9*t + 4*t. Suppose 20*q - 24*q + y = 0. Is 3086*(21/q + (-1 - 2)) a composite number?
False
Let m(b) = 14*b**3 - b**2 + 4*b + 1. Suppose 26*l = 32*l - 42. Suppose 17*s = l*s + 30. Is m(s) a composite number?
True
Suppose -l + 3*s = -0*s - 38, 0 = -s - 2. Let i = 34 - l. Suppose 5*r - 3503 = 4*h, -1406 = -i*r - h + 5*h. Is r prime?
False
Let r(k) = -686*k - 33. Let u be r(-8). Suppose 11*q + u = 16*q. Is q composite?
False
Is (165 - -217388)/(2 + -1) a composite number?
True
Suppose 0 = -15*w - 16*w - 375720. Let a = -6847 - w. Is a a prime number?
True
Suppose -4*v = -4*n - 41612 + 88, n = -v + 10385. Is v a composite number?
True
Suppose 3*s - 12 = -3*l + 6*s, 3*s = 2*l - 13. Let b be ((-3 - -2)*7204)/l. Suppose -5*d + b = -1111. Is d composite?
False
Let c be 6/9 - 4340/(-15). Let v = 504 - c. Let b = 1593 - v. Is b composite?
True
Suppose -3*s = 3*c - 33, 69 = 3*s - 5*c + 4. Suppose 0 = -3*m - 2*x + 2113, 5*m - 20*x - 3480 = -s*x. Is m composite?
False
Is (-441138)/(8/(16/(-6))) a prime number?
False
Let z(q) = q**2 + 13*q + 45. Let u be z(-5). Suppose -w = u*c - 1748, 6*c = -w + 2*c + 1743. Is w composite?
False
Let v(c) = -7720*c - 5279. Is v(-84) a composite number?
True
Suppose -22892 = 9*q - 450959. Is q a prime number?
True
Let q(d) = -d**2 + 14*d + 6. Let l be q(7).